 3 and u.
3
Let l = 61 - -5. Calculate the highest common factor of 44 and l.
22
Let i(v) = -17*v + 2. Let j be i(1). Let w = 16 + j. What is the highest common factor of 1 and w?
1
Suppose 4*f + 5 + 1 = u, -4*f = 4. Let w = 33 + -17. What is the greatest common factor of u and w?
2
Let w be 2 - (4 + -3) - -4. Suppose q - g - 107 = -2*q, -g - w = 0. What is the highest common factor of 17 and q?
17
Let s be (-3052)/(-60) + 4/30. What is the highest common divisor of 34 and s?
17
Let s(y) = 35*y**2 + 2*y. Let p be s(2). Suppose t = -t + 36. Calculate the highest common divisor of t and p.
18
Suppose 4*s - 153 = -17. Let l = 52 - s. What is the greatest common factor of l and 2?
2
Suppose 68 = 3*x - 2*w, w - 3*w = -5*x + 116. Calculate the highest common divisor of x and 24.
24
Let p = 116 + -50. Calculate the highest common divisor of p and 44.
22
Let y = -14 - -113. Suppose 4*t = 2*g - 15 - 27, 0 = -4*g - 2*t + 34. Calculate the greatest common divisor of y and g.
11
Let o = -74 + 162. Suppose -12*z = -14*z + o. Calculate the highest common divisor of z and 4.
4
Suppose c - 1 = 1. Let m be (-10)/(-2)*c/5. Let l be (-6)/(-4) - 3*(-6)/12. Calculate the highest common divisor of m and l.
1
Suppose 2*f = f + 4*q + 14, 4*f - 32 = 4*q. What is the greatest common divisor of 54 and f?
6
Let b = -3 - -5. Let f(o) = 3*o - 9 + 3 - 12*o - o**b. Let u be f(-6). What is the greatest common divisor of u and 24?
12
Let y = -7 + 28. Calculate the greatest common divisor of y and 3.
3
Suppose 62 = g + 2*h, -2*h + 182 = 3*g + 3*h. Calculate the greatest common factor of 81 and g.
27
Suppose -5*x - 5*c + 665 = 0, x = -4*x + 5*c + 635. Calculate the highest common factor of x and 26.
26
Let n = -26 - -35. Calculate the greatest common divisor of 15 and n.
3
Let f(k) = k**3 + 4*k**2 - 6*k + 5. Let h be f(-5). Let o(d) = d**2 - 2*d + 2. Let g be o(-6). What is the greatest common divisor of h and g?
10
Let h be 99 - (1 - -1 - 3). What is the highest common factor of 75 and h?
25
Let f(o) = -o**3 - 9*o**2 - 4*o - 10. Let x(k) = k**3 + k + 1. Let a(c) = -f(c) - 2*x(c). Let b be a(7). What is the greatest common factor of b and 48?
24
Let q(z) = -z + 7. Let h be q(6). Calculate the greatest common factor of 7 and h.
1
Suppose 24 = 2*i - 216. Suppose a - i = -a. Calculate the greatest common factor of a and 40.
20
Suppose 21 = 2*g - 75. Suppose -5*o - 4*i + 58 = -i, 2*i = -4*o + g. What is the highest common factor of o and 112?
14
Let s be (0 - -1)/((-2)/(-26)). Let a(z) = 4*z**2 - 10*z + 7. Let i be a(6). What is the greatest common factor of s and i?
13
Let t(s) = 3*s**2 + 11*s + 2. Let a be t(-7). What is the highest common factor of 54 and a?
18
Let w(j) = -2 - 3 + j**2 + 3 - 2*j. Let c be w(-5). Calculate the greatest common divisor of c and 3.
3
Suppose 5*y = 5*c + 90, 0*y - 2*c + 84 = 4*y. What is the highest common factor of y and 260?
20
Let j(l) = 3*l. Let g be j(3). Let c be (0 - -2)/((-2)/(-7)). Let z = 13 - c. Calculate the greatest common divisor of z and g.
3
Let b = 44 - 26. Calculate the greatest common factor of 9 and b.
9
Let h be 7 - 4 - 2/2. Calculate the greatest common divisor of h and 6.
2
Let u = -6 + 6. Suppose 2*b = 5*b + l - 185, 4*b - 5*l - 215 = u. What is the highest common divisor of b and 20?
20
Let y = 5 + -4. Suppose -y - 1 = -t. Calculate the highest common divisor of 6 and t.
2
Let w be (-1)/((-1)/11)*1. Let y(f) = -33*f - 4. Let m be y(-5). Suppose 5*v - m = 114. What is the highest common divisor of w and v?
11
Let l be 0/(0 + 6/(-3)). Suppose l = 6*o - 3*o - 12. Calculate the greatest common factor of 6 and o.
2
Let q(d) = 8*d**3 - 1. Suppose -5*g - 2*s + 5 = 0, -g - 4*g + 5 = 3*s. Let j be q(g). What is the greatest common factor of j and 14?
7
Suppose -18*v + 19*v - 68 = 0. What is the highest common divisor of v and 102?
34
Let n(v) = -v + 1. Let c be n(0). Suppose -2*t = -2*s + 22, 2*s - 28 = -0*s - t. Let x = s - 6. What is the highest common divisor of c and x?
1
Let h = 25 + -15. Let a be h/15 + (-296)/(-6). What is the highest common divisor of 10 and a?
10
Let w = -56 + 68. What is the highest common divisor of w and 12?
12
Let l = -5 + -1. Let p be 146 + (l - (-5 - -2)). What is the greatest common divisor of 13 and p?
13
Let z = 24 - 11. Suppose -19 - z = -a. Let h be -1*2/8 + (-33)/(-4). What is the highest common divisor of h and a?
8
Suppose 0 = z + 3 + 3. Let t be -7*(-1)/((-21)/z). Suppose -3*y + 2*i = -3*i - 56, -3*i = -2*y + 38. Calculate the greatest common factor of y and t.
2
Suppose 2*j = 2*c + 24, 5*j = -0*j + 10. Let f(i) = 7 - 2 - 3*i + 0. Let g be f(c). What is the greatest common divisor of g and 5?
5
Suppose n - 2*n = -4. Let h = 7 - n. Suppose -3*w - 6 = -5*w. Calculate the greatest common factor of w and h.
3
Let d(z) = -z + 4. Let p be d(2). Let c = 3 + p. What is the highest common divisor of c and 25?
5
Let f be (0 + -2)*273/(-6). Let n = f + -21. What is the highest common divisor of n and 14?
14
Suppose 2*g = -2 + 22. Suppose -2*j - 3*v + g = 0, j + 0*j = v. Suppose m = -j + 13. What is the greatest common factor of 44 and m?
11
Suppose -9 = 4*s - s. Let m = s + 0. Let u be 3*((-3)/(-9) - m). Calculate the highest common factor of u and 70.
10
Suppose -77 = -2*z - 5*h, -z - 2*h = -7*h - 61. Calculate the highest common divisor of 506 and z.
46
Suppose 44 = t - 71. What is the greatest common factor of 5 and t?
5
Suppose -6*k - k + 392 = 0. Let d be -3*(-1)/((-6)/(-16)). Calculate the greatest common divisor of d and k.
8
Let h be (8 - 3) + 0/2. Suppose h*x = 0, -63 = -0*s - 3*s + 2*x. What is the greatest common divisor of s and 189?
21
Let a be ((-5)/10)/(2/(-12)). Let v be (a/(-2))/(3/(-14)). Suppose 4*f - p - 25 = 0, -5 = -2*p + 1. Calculate the highest common factor of f and v.
7
Let j = -31 + 42. What is the greatest common divisor of j and 11?
11
Let r(n) = -n - 5. Let j be r(-8). What is the greatest common factor of 15 and j?
3
Let b be (10/(-3))/((-6)/(-18)). Let w = -9 - b. What is the greatest common factor of 4 and w?
1
Suppose 0 = -42*j + 36*j + 462. Calculate the greatest common factor of 28 and j.
7
Suppose -5*x - 116 = -9*x. What is the highest common factor of 319 and x?
29
Suppose 44 = 3*g - 4*q, 5*q = 2*g - 3*g + 2. Let o be (-1*1)/(12/(-96)). Suppose -s + o = -22. Calculate the highest common divisor of s and g.
6
Let d be (-1)/(1/(-2)) + 46. Let j = d + -16. What is the highest common divisor of j and 16?
16
Let n = 35 - 13. Let p(g) = -g**3 + 5*g**2 + g - 5. Let v be p(5). Suppose -5*r + 0*r + 55 = v. Calculate the greatest common factor of r and n.
11
Suppose -2*g - 77 = -4*r + 83, 0 = -4*r - g + 160. Calculate the greatest common factor of r and 8.
8
Suppose 4*x - 9 - 3 = 0. Suppose -4*k = -x*o - 0*k + 442, 3*o + 3*k - 477 = 0. What is the highest common divisor of o and 14?
14
Suppose -5*x + v + 713 - 158 = 0, -4*v = 5*x - 580. Calculate the highest common factor of x and 16.
16
Let f = 17 + -25. Let s be 2/(-4)*(f + -2). Calculate the highest common divisor of s and 1.
1
Let o(s) = -s**2 - 9*s - 16. Let h be o(-4). Calculate the highest common factor of 10 and h.
2
Let p be 4/(0 - (-1)/(-2)). Let k = -3 - p. Suppose k*s + 70 = 2*w, 0 = 5*w - 0*s - s - 175. Calculate the greatest common divisor of w and 7.
7
Suppose 0*v + v + 4*i = -8, 5*i = -3*v - 3. Suppose 0 = 5*t + 3*x - 94, -2*x = -5*x - 6. What is the highest common factor of v and t?
4
Let s = 59 + -140. Let z be s - (-4 + 1 + 2). Let k be (3/(-6))/(2/z). Calculate the highest common factor of 30 and k.
10
Let d(y) be the third derivative of y**4/24 + 3*y**3/2 - 2*y**2. Let b be d(-7). Let c be (b + -1 - 8)/(-1). Calculate the greatest common divisor of 77 and c.
7
Suppose 0*z + 3 = z. Let f be 214/(z*(-3)/(-9)). Let h be (-6)/21 + f/14. What is the highest common divisor of 135 and h?
15
Let d be -260*(-2 + (-12)/(-8)). Let z be ((-13)/3)/((-1)/12). Calculate the highest common factor of z and d.
26
Let r(b) = 23*b**2 - 2*b + 2. Let l be r(1). Let k(w) = -18*w - 17. Let v be k(-15). Calculate the highest common factor of v and l.
23
Suppose 0 = l - 5*i + i - 23, -9 = 3*i. Let q = 170 + 450. Suppose 0 = x + 4*x - 5*w - q, -4*x - 5*w + 469 = 0. Calculate the greatest common factor of l and x.
11
Suppose -5*j 